). Suppose -j*n - 4 + 67 = 0. What is the units digit of n?
1
What is the units digit of (-2 - (-34)/(-6))*-6?
6
Let x(g) = g**3 - 2*g**2 + 6*g + 7. What is the tens digit of x(5)?
1
Let v(w) = -w**2 - 9*w + 5. Let d be v(-7). Let c = 5 + 0. Suppose 5*i - 15 = -b, c*b + 22 = 4*i - d. What is the units digit of i?
4
Suppose 0 = -4*k + 9*k. Suppose -9 = -h - k. What is the units digit of h?
9
Let o(p) = 2*p - 1. Let n = 10 - 6. Let r be o(n). Let f = -3 + r. What is the units digit of f?
4
Let p(f) = 3*f**3 - 13*f**2 - 14*f - 4. Let i(g) = -g**3 + 4*g**2 + 5*g + 1. Let y(h) = -11*i(h) - 4*p(h). What is the tens digit of y(8)?
1
Suppose -2*u - 2*u = 3*s - 38, 0 = 3*u - 3*s - 39. What is the tens digit of u?
1
Suppose 6*d - 173 = d + 3*p, -d + 35 = -p. What is the units digit of d?
4
Suppose 2*f = 2*a + 60 + 28, -f + 54 = -3*a. What is the units digit of f?
9
Let j = -2 + 4. Let b = 4 - j. What is the units digit of b?
2
Let a(b) = b + 9. Suppose -5*z - 4*t = -2*z + 264, 0 = 2*z - 3*t + 159. Let q be z/15 - 4/10. What is the units digit of a(q)?
3
Let k be (-28 - (-4 - -2)) + -2. What is the units digit of (6/(-7))/(1/k)?
4
Suppose -5*u + 24 = 3*b, 0 + 20 = 5*u + 5*b. Let k = 11 - u. What is the units digit of k?
5
Suppose 0 = 4*d - 682 - 238. What is the hundreds digit of d?
2
Suppose -2*u + u - 9 = 0. Suppose -2*w + 25 = -11. Let j = u + w. What is the units digit of j?
9
Suppose n + 2 = 4. Let k be (-4)/3*(-5 + n). What is the units digit of (-7)/(-9) - k/(-18)?
1
Let h(o) = -o**2 - 7*o. Let m(f) = f - 1. Let k(z) = h(z) + 2*m(z). Let q be k(-6). What is the units digit of (14/(-8))/(2/q)?
7
What is the units digit of (30 - 1)/(4/4)?
9
Let v(z) = z - 1. Let n be v(-3). Let r be (2/n)/((-2)/4). Let l = r - -4. What is the units digit of l?
5
Suppose 3*w + m + 2*m + 15 = 0, 3*w = 5*m + 25. Suppose 2*v = -w + 4. Suppose -7*h = -v*h - 5. What is the units digit of h?
1
Suppose 3*j = 15, 0 = l + 2*l - j - 262. What is the units digit of l?
9
Suppose -11 = 3*u + 7. Let s be (-3)/(-3)*u - 1. Let t = 14 + s. What is the units digit of t?
7
Suppose 2*v = -3*w - 11 + 60, v = -5*w + 35. What is the units digit of v?
0
Let m(u) = u**3 + 4*u**2 - 6*u - 4. Let b be 13/((2 - -1)/3). Suppose -p = 3*r - 4*p + 27, b = -r + 2*p. What is the units digit of m(r)?
1
Let q(m) = m**3 + 10*m**2 + 8*m - 2. Let d(o) = -o**2 - o - 3. Let b be d(-3). What is the units digit of q(b)?
7
Suppose 7*o + 112 = 3*o. Suppose 2*f + 3*c - 2 = -0*f, -c - 8 = 5*f. What is the tens digit of ((-15)/f)/((-21)/o)?
1
Let l(h) = -h**2 + h + 8. Suppose 2*v - 2*u = 1 + 3, 2 = 4*v - u. What is the units digit of l(v)?
8
Let m(b) = -2*b**2 - 17*b + 19. Let r(z) = -z**2 - 9*z + 10. Let i(k) = -6*m(k) + 11*r(k). What is the units digit of i(-5)?
6
Let w = 17 - 4. Let d = 17 + w. What is the tens digit of d?
3
Suppose 0*j + 5 = j. Suppose 42 = j*c - 43. What is the units digit of c?
7
Let r(b) = -b**3 - b + 3. Let d = 24 + -27. What is the units digit of r(d)?
3
Suppose -p - 4 + 7 = 0. What is the units digit of p?
3
Let g(q) = -q**2 - 7*q + 4. Suppose 0 = 2*n - 4 + 6. Let d = -7 - n. What is the units digit of g(d)?
0
Let l(d) = 0*d**2 + d + 2*d**2 - 3 - d**2. Let j be l(4). Suppose 0 = -4*x + j - 1. What is the units digit of x?
4
Let f = -133 - -311. What is the units digit of f?
8
Suppose -4*h = -9*h - 30. Let a = 7 - -10. Let p = h + a. What is the tens digit of p?
1
Let m be ((-6)/(-4))/((-2)/4). Let i = m + 3. Suppose 2*u + i*u = 10. What is the units digit of u?
5
Suppose -d + 12 = d. Suppose -4*o + 5*b - d = 0, 1 = -3*o - 3*b + 10. Suppose 0 = -w + 2 + o. What is the units digit of w?
3
What is the units digit of (-8)/(-20) - 6/(-10)?
1
What is the units digit of -1 - ((-30)/(-4))/((-1)/10)?
4
Suppose 56 + 16 = 4*s. What is the tens digit of s?
1
Let i = -71 + 34. What is the tens digit of -3 - (i + -2 - 4)?
4
Let q(b) = -6*b + 5 + 0 + 0*b**2 + b**3 - 6*b**2. Let u(d) = -2*d - 7. Let n be u(-7). What is the tens digit of q(n)?
1
Suppose -4*l + 14 = 3*g, -2 = -g - 2*l - 0*l. What is the units digit of g?
0
Suppose -2*j = -4*p + 264, 4*p + 0*p - 266 = 3*j. Suppose -2*w = p + 49. What is the tens digit of 3/((-9)/w) - -1?
2
Let u(j) be the second derivative of j**4/12 - j**3 - 5*j**2/2 - 3*j. Let y be u(7). Suppose -y*z + 4 + 2 = 0. What is the units digit of z?
3
What is the tens digit of (-4 - (-125)/20)*32*1?
7
Suppose -10*g = -14*g + 12. Suppose -10 = -4*q - 2*j, 5*j + 6 = 5*q + j. Suppose -g*s + 30 = q*s. What is the units digit of s?
6
Suppose -222 = 12*x - 18*x. What is the units digit of x?
7
Suppose 120 = 2*j - 2*b, -2*b = 5*j + 2*b - 345. What is the tens digit of j?
6
Suppose -5*m + m = 3*a - 36, 3*a = 0. Let l = m + 12. What is the units digit of l?
1
Let j be (1/(-2))/(2/(-24)). Let n = j - -4. Suppose -4*l = l - n. What is the units digit of l?
2
Let t(v) = v. Let i be t(2). Suppose i*r + 3 = -1. What is the units digit of (-1 - r)*1 + 0?
1
Let u(d) = -24*d + 3. Let g be u(-3). Suppose -3*s + 5*z + g = -s, s + 2*z = 15. What is the tens digit of (s - -3)/(5 + -3)?
1
Suppose 0 = -9*w + 4*w + 120. Suppose -4*i = -2*i + 2*z - w, 2*z = 2*i - 20. What is the units digit of i?
1
Suppose -r - 4*r - 75 = 0. What is the units digit of (20/3)/((-5)/r)?
0
Let u(r) = -r**3 + 5*r**2 - r - 3. Let s be u(3). Suppose w = -0*w + s. What is the tens digit of w?
1
What is the units digit of ((-6)/(-4))/(6/4)?
1
Suppose 3*l - 8 = f - 139, 232 = 2*f + 4*l. What is the tens digit of f?
2
Suppose -4*b - 16 = -0. Let w be 1 - (b + 2) - -1. Let s = 8 - w. What is the units digit of s?
4
Let f be (-4)/6 + (-2)/6. Let u be (-4)/(-2 - (f + -3)). What is the tens digit of (-264)/(-16) - 1/u?
1
Let o = -6 - -5. Let q = o + 10. What is the units digit of q?
9
Let f be 4*1/(0 - 1). What is the units digit of f/3*24/(-8)?
4
Suppose -s + 5*k + 3 + 53 = 0, 2*s - 64 = -2*k. What is the tens digit of s?
3
Let h(a) = -a**2 + 8*a + 1. Let s be h(8). Let w(l) = 0*l**2 + 4 - 1 - 2 + 6*l**2. What is the units digit of w(s)?
7
Let p(l) = l**3 + 4*l**2. Let t be p(-2). Let q be 36/t + 2/4. Suppose -q*b = -3 - 27. What is the units digit of b?
6
Suppose 0 = -8*r + 3*r + 25. Suppose 0*d + 2*d - 58 = -r*x, 0 = -x + 2*d + 14. What is the units digit of x?
2
Let a(l) = l**2 - l + 4. Let n be a(0). What is the units digit of 9 - -1 - (-7 + n)?
3
Let x = 20 - 35. Suppose -2 = 3*s - 4*s. What is the tens digit of ((-8)/5)/(s/x)?
1
Let d be (-4)/14 - 74/(-14). Let b = d + -2. Suppose b*o + 4*f = 23, 0 = -5*o + f - 2*f + 10. What is the units digit of o?
1
Let j = 20 + -12. Let r = j - 6. Let t = r + -1. What is the units digit of t?
1
What is the units digit of 1*2/(6/249)?
3
Let a(g) = -24*g + 2. Let n be a(-1). Suppose -4*l + 2*p + 34 = 0, -p + n = l - 5*p. What is the units digit of l?
6
Suppose 4 = 5*c - 646. What is the hundreds digit of c?
1
Let o be 178/14 + 10/35. Suppose -2*v - o = -5*r + 9, -3*v = r + 33. What is the tens digit of 4/(1 + 1) - v?
1
Suppose -1282 = -4*x + 2*g, 4*g + 7 + 5 = 0. What is the tens digit of x?
1
Suppose -4*q - 85 = -9*q. What is the units digit of q?
7
Suppose -3*m + 4*m = 0, 2*r = 5*m. Let a be 1/(-3)*-1*r. Suppose 9 = i - a*i. What is the units digit of i?
9
What is the units digit of (-31)/((-36)/(-8) + -5)?
2
Let m = 23 - 13. Suppose a = 5*r - 15 - m, 3*a + 2*r - 10 = 0. Suppose -36 = -4*q - a*j + 4*j, 0 = -5*q - 3*j + 21. What is the units digit of q?
6
Let t be (-10)/3*(-12)/8. Suppose 0 = -o + t. What is the units digit of o?
5
Let c be (6/4 - 2)*-2. What is the units digit of c - 13*(2 + -3)?
4
Suppose 0*o + o = 7. Suppose -s - o = -2*s. Suppose 3*h - s*h = -4. What is the units digit of h?
1
Let g(i) = i**3 + 7*i**2 - 8*i + 12. What is the tens digit of g(-8)?
1
Let s = -31 - -38. What is the units digit of s?
7
Let r(j) = 42*j - 3. Let t be r(2). Let s = t - 58. What is the units digit of s?
3
Let q = -20 + 37. Let o = 24 - q. Let c = 8 - o. What is the units digit of c?
1
Suppose 0 = -4*c - c - 20. Let z be -9 + (4 - (-2 - c)). Let a = -1 - z. What is the units digit of a?
6
Let l(q) = -2*q**2 - 44*q + 20. What is the units digit of l(-20)?
0
Suppose -2*x + 99 = x. What is the units digit of x?
3
Suppose s - 2*o = 0, -s - 5*o = 2*s. Suppose s = -4*y + 3*t + 23, 4*t - 43 = -5*y 